14*j**2 - 26*j. List the prime factors of u(-21).
7, 37
Let s(m) = m**3 - 13*m**2 - 15*m + 18. Let h be s(14). Suppose 4*w - h = 44. Suppose 10*x = w*x - 180. What are the prime factors of x?
2, 3, 5
Suppose 0 = 391*y - 393*y. Let u(t) = t**2 + 5*t - 4. Let q be u(-6). Suppose 3*l + q*l + 31 = g, y = 4*l. What are the prime factors of g?
31
Let r = -5334 - -61160. List the prime factors of r.
2, 103, 271
Let t be (4 - (0 - (-4)/(-4))) + 44. List the prime factors of 15718/14 - (8 - 406/t).
1123
Let x(u) = -2932*u + 4954. List the prime factors of x(-8).
2, 3, 5, 947
Let q(d) = 5050*d**2 - 289*d + 578. List the prime factors of q(2).
2, 5, 101
Let x(o) = 5*o + 5 - 5 - 15*o. Let i be x(-1). What are the prime factors of i*13 + 9 + -6?
7, 19
Let j(x) = 19 - 11 + x - 6*x - 21. Let w be j(-4). Suppose w*y - 793 = 845. List the prime factors of y.
2, 3, 13
Let r(d) = -11*d**3 + d**2 + 2*d + 4. Let o be r(3). Suppose -3*t + 5*n + 1207 = 0, 2*t + 11*n - 13*n - 798 = 0. Let h = t + o. What are the prime factors of h?
2, 29
Let i(x) = 2144*x**3 + 15*x - 26. What are the prime factors of i(2)?
2, 4289
Let c(z) = 327*z**2 + 2*z - 1. Suppose -4 = -4*n - 0*n. Let j be c(n). Let y = -221 + j. List the prime factors of y.
107
List the prime factors of -4 - (4/4 - -5522)/(4/(-4)).
5519
Let o be (30/18 - -2) + (-4)/(-12). List the prime factors of ((-2394)/o)/(-3) - (-174)/(-116).
2, 3, 11
Let w = -2888 + 4582. Suppose -2*p - 1891 = m, -3*p - m - 1145 = w. List the prime factors of 12/(-18)*p/8.
79
Suppose 0 = k + 3*j - 27, 16 = 3*k + j - 57. Suppose 0 = 40*b - k*b - 30880. List the prime factors of b.
2, 5, 193
List the prime factors of 63/(-189) - (1/4 - 618789/36).
2, 4297
Let j(w) be the third derivative of -55*w**4/24 - 28*w**3/3 - 21*w**2. Let y be j(-12). Suppose 6*x = 728 + y. List the prime factors of x.
2, 3, 37
Let d = -58 - -62. Suppose 0*r + 1 = d*v + r, -3*r = v - 3. Suppose v = 8*j + 34 - 90. List the prime factors of j.
7
Let l = -89 - -92. Suppose l - 1 = f, 5*f = 5*u - 250. Suppose -u = -4*n + 5*i - 2*i, -3*i - 4 = -n. What are the prime factors of n?
2
Let p(o) = -o**3 - 85*o**2 + 60*o - 815. List the prime factors of p(-86).
7, 29
Suppose 2*f - 4*f + 1008 = 0. Let v be (30/35)/(2/f). Suppose 0*j = -5*z + j + 507, 0 = -2*z - 4*j + v. What are the prime factors of z?
2, 3, 17
Let w(y) = 7*y - 40. Suppose -2*f = 4*s - 56, -3*f + 2*s + 1 = -43. Let v = -4 + f. What are the prime factors of w(v)?
2, 29
Let o = 118601 + -80392. List the prime factors of o.
19, 2011
Let f(v) = -221*v**3 - 11*v**2 + 10*v + 72. List the prime factors of f(-5).
2, 3, 2281
Suppose 2*m - 4234 = -c + 7168, 22804 = 4*m + 4*c. What are the prime factors of m?
5701
Suppose -10*u + 15*u = 5*t - 370, -5*t + 82 = -u. Let m(d) = 15*d + 1. Let l be m(-2). Let c = l - u. List the prime factors of c.
43
List the prime factors of (-3)/(-8) + (-31)/((-2976)/50268).
2, 131
Let q(w) = -w + 2. Suppose 0 = 2*a + a. Let c be q(a). What are the prime factors of 2 + c + -4 + 25?
5
Let m(j) = j**3 + 2*j**2 + 85*j - 14. What are the prime factors of m(17)?
2, 3461
Let m be (-60)/(-8)*(-612)/(-27). Let z = m - 72. What are the prime factors of z?
2, 7
Let a = 45240 + -22086. List the prime factors of a.
2, 3, 17, 227
Suppose -2*k + 6*r - 4*r + 52 = 0, 2*k - 5*r = 37. Let i = k + -37. List the prime factors of (i/(-21) - (-564)/35)*5.
2, 41
Suppose -11*q = 39 - 61. Suppose -p + 4*k = -332, 4*p + q*k - 1414 + 68 = 0. What are the prime factors of p?
2, 3, 7
Let m(t) = -t**3 + 17*t**2 - 91*t + 36*t + 10 + 32*t. Let p be m(10). Let z = -323 + p. List the prime factors of z.
157
Let v(i) = 27*i + 30. Let p be v(-1). Suppose p*q - 77 = 37. What are the prime factors of q?
2, 19
Suppose -83277 = -3*d + 3*j, -15*d = -23*d - 4*j + 222072. What are the prime factors of d?
3, 19, 487
Suppose -2*n + 10 = 2*c, -4*n + 3*c - 15 = -3*n. Suppose -3*s = n, z + s - 126 = -0*z. What are the prime factors of z?
2, 3, 7
Suppose m + 27958 = 2*u, 16*m = 17*m - 4. List the prime factors of u.
11, 31, 41
Let i be (9/6)/((-27)/(-180)). Let z be (-4476)/(-8) + (-5)/i. Suppose -3*g + 0*y + z = 5*y, -2*g + 378 = -2*y. What are the prime factors of g?
2, 47
Let w(v) be the first derivative of -v**2/2 + 72*v - 180. List the prime factors of w(-2).
2, 37
Let n(u) = 16*u**2 + 3*u - 9. Let z(b) = 2*b. Let v be z(1). Let k be n(v). Let s = 102 - k. What are the prime factors of s?
41
Let u be (210/(-20))/(1/(-10)). Let r = 156 - u. Suppose 3*k = r + 309. List the prime factors of k.
2, 3, 5
Suppose p = 466 + 430. Suppose -5*o - g = 10 - p, -g - 884 = -5*o. Let x = o + -107. What are the prime factors of x?
2, 5, 7
Let s be (-13)/26 + 2/4. Suppose b - 4 = s, -3*b + 2*b = 3*h - 244. Let l = -39 + h. List the prime factors of l.
41
Suppose -6*i + 4*l + 33272 = 0, 3*i - l - 16652 = -3*l. List the prime factors of i.
2, 19, 73
Let b(n) = n**3 - 4*n**2 + 91*n - 38. What are the prime factors of b(12)?
2, 1103
Let k(s) = -2*s**3 - s. Let i be k(-1). Suppose i*c + 69 = 201. Suppose -c = u - 2*u. What are the prime factors of u?
2, 11
What are the prime factors of 77/((-165)/(-15))*1014?
2, 3, 7, 13
Suppose -3*v = v + 5*j + 47, 0 = 2*v + j + 19. Let z(s) = 3*s + 29. Let x(r) = r + 1. Let m(c) = -4*x(c) - z(c). What are the prime factors of m(v)?
23
Let d = -700 + 699. List the prime factors of (-586)/(8/(-16)*(d - -2)).
2, 293
Suppose 21*s + s - 48400 = 0. List the prime factors of ((-2)/4)/(2198/s - 1).
2, 5, 11
Let v(y) be the first derivative of 2*y**2 + 27*y - 19. Let d be v(-6). Suppose -4*k + z = 2*z - 620, -775 = -5*k + d*z. List the prime factors of k.
5, 31
Suppose 2*q = 3 - 41. Let a = 41 + q. List the prime factors of a/55 - (-76)/10.
2
Let n(u) = -952*u - 336. List the prime factors of n(-6).
2, 3, 7
List the prime factors of (-604786)/(-84)*(4/(-14) + (-88)/(-14)).
13, 3323
Let l be ((0 - 0)*-1)/2. Let w(a) = 2*a**2 - 4*a + 11. Let v be w(5). Suppose l = h - 4*o - v, 2*h - h + 4*o - 49 = 0. What are the prime factors of h?
3, 5
Let a(r) = 79*r - 7084. What are the prime factors of a(90)?
2, 13
Let c = -32 + 35. Suppose -p - c*q = -6, -p + 4*q = -2*p + 8. List the prime factors of (-3)/(9/(-156) + p).
2, 13
Let f(t) = 66*t**3 - 2*t**2 - 2*t + 9. Let c be (-2)/3 + 1 - 15/(-9). List the prime factors of f(c).
3, 5, 7
Let s = 121 + -125. Let y(i) = -9*i - 9. Let n(r) = -17*r - 18. Let g(p) = -2*n(p) + 5*y(p). What are the prime factors of g(s)?
5, 7
Let m(w) = 3*w + 6. Let n be (14/21)/(-1*(-6)/81). Suppose -2*a + 3*d + n = -0*d, 17 = 4*a - 5*d. What are the prime factors of m(a)?
3, 5
Suppose -2*m = -2*a - 54826, -7*m + 69127 + 122824 = 5*a. List the prime factors of m.
2, 13709
What are the prime factors of (((-10)/135)/((-8)/(-72)))/((-4)/138846)?
73, 317
Let y(g) be the third derivative of 8*g**4/3 + 3*g**3/2 + 41*g**2. Suppose 3*a - 5*r = 14, 2*a + 4*r = -2*a + 8. What are the prime factors of y(a)?
3, 67
Let a(w) = -58*w - 1. Let r be a(-2). Suppose 5*t + r = -2*y, 2*y - 5*t + 114 = -9*t. Let o = -32 - y. What are the prime factors of o?
23
Let u = 67090 - 39401. List the prime factors of u.
27689
Let n(h) = 708*h**2 - 20*h + 53. List the prime factors of n(2).
5, 569
Suppose -3*r + 2*v = 4*v + 6, 5*v = 15. What are the prime factors of 2 - (-2568)/9 - r/6?
2, 3
Suppose 14*q = 74*q - 66180. List the prime factors of q.
1103
Let o = -77 - -81. What are the prime factors of 13/26 - 1*(-1214)/o?
2, 19
Suppose 0*a = -3*a, -5*a + 51 = 3*f. Suppose -f*k + 13*k + 1592 = 0. List the prime factors of k.
2, 199
Let y be 11090/(-12) + ((-441)/(-54) - 8). What are the prime factors of (-1)/3 - y/18?
3, 17
Suppose -24 = -4*j + 2*j + 4*r, -5*r = 25. Suppose -367 = -k - 3*t + 4*t, j*k = -3*t + 759. List the prime factors of k.
2, 3, 31
Let u be (2795 - (-5 + -8)) + (-1 - 1). Let w = u - 1968. What are the prime factors of w?
2, 419
Suppose q - 24 = 7. Suppose -7 = -2*l + 1, -d - 4*l = -q. Suppose 0 = d*p - 14*p - 114. What are the prime factors of p?
2, 3, 19
Let r = -159 - -89. What are the prime factors of (-1704)/(-2)*(-35)/r?
2, 3, 71
Let l(p) = p**3 - 13*p**2 - 13*p - 15. Let o be l(14). Let f(c) = 2*c - c**2 - 21 + 7 + 16 - 68*c**3. List the prime factors of f(o).
67
Let k(t) = 143*t**3 + 8*t - 14. Let o be k(2). Suppose 3*h 